uppose -63 = -17*l + 14*l. What is the remainder when 74 is divided by l?
11
Suppose 100 = -5*c + 375. What is the remainder when c is divided by 14?
13
Let y(q) = q**3 + 4*q**2 - 5*q + 2. Let f be y(-5). Calculate the remainder when 19 is divided by (-1 + 1/f)*-10.
4
Let x = 15 + -15. Suppose 2*j + j - 9 = x. What is the remainder when 8 is divided by j?
2
Suppose -2*s - s = -9. Suppose -41 = -d + 4*k - 6*k, -s*d + 88 = -k. Calculate the remainder when d is divided by 11.
9
Let u = 4 - 2. Let i be 6/27 - (-790)/9. Suppose a + a = -4*p + i, u*a = -3*p + 86. What is the remainder when a is divided by 14?
12
Let n(m) = -m**2 - 4*m - 1. Let t = 3 - 1. Calculate the remainder when n(-3) is divided by t.
0
Let x(v) = 10*v**2 - 2*v - 1. Let i be x(-1). Let p be 26 + 2 - (-12)/(-4). Let u = i + p. Calculate the remainder when u is divided by 13.
10
Let z = -4 + 5. Calculate the remainder when z/((-1)/(-24) + 0) is divided by 13.
11
Suppose 39 + 73 = 8*f. What is the remainder when f is divided by 3?
2
Suppose 4*f + f + 825 = 0. Let t(b) = 7*b**2 + 2*b - 2. What is the remainder when t(-2) is divided by 3/21 + f/(-21)?
6
Suppose 0 = -r + 4*p - 3 + 14, p - 16 = -r. Calculate the remainder when r is divided by 6.
3
Let b be 0 + 0 - 146/2. Let w = 42 + b. Let k = w + 69. Calculate the remainder when k is divided by 13.
12
Suppose 0 = 4*u + 6 - 74. What is the remainder when 33 is divided by u?
16
Let q be (6/2)/((-6)/(-4)). Suppose 4*y + 24 = -0*a - q*a, 5*a = -y - 87. Let r = a + 28. Calculate the remainder when 18 is divided by r.
8
Let h be 2 + -4 + (6 - 2). Let b be 4 + (h - 4/1). Suppose -b*j - 3*j + 46 = f, -4*f + 3*j = -230. What is the remainder when f is divided by 19?
18
Suppose -11 = -2*l + l + 2*f, -4*l = -4*f - 28. Suppose -l*g + 50 = 5*d, 3*d = -3*g + 7*g - 28. Calculate the remainder when 37 is divided by g.
7
Suppose 211 = 3*y + 2*o, o = -y + 56 + 13. Suppose 3*w + 3*z + 4 = y, -5*z - 5 = 0. Calculate the remainder when w is divided by 13.
11
Suppose -2*x - 5*j = -21 - 3, j = -3*x + 23. Let m = -5 + x. Calculate the remainder when (-63)/(-6) + (-3)/m is divided by 5.
4
Suppose -2 = -l + 4*c, 3*l + 1 = -c - 6. What is the remainder when 22 is divided by (12/(-10))/(l/20)?
10
Let n be 2/4*-2 - -1. Suppose 0 = -5*c + i + 36, 3*c - 19 = -2*i - n*i. Let r(k) = -k**3 - 9*k**2 - 8*k + 3. Calculate the remainder when c is divided by r(-8).
1
Let n(q) = 2*q**2 - 7*q + 4. Let u be n(4). Let o = 4 + u. What is the remainder when o is divided by 7?
5
Let w(u) = -4*u**2 + 4*u - 4. Let x be w(-5). Calculate the remainder when 45 is divided by (-8)/20 - x/10.
9
Let i be (-2)/7 - 340/35. Let g = -6 - i. What is the remainder when 11 is divided by g?
3
Let u(n) be the third derivative of n**5/30 + n**4/8 + n**3/6 - 2*n**2. What is the remainder when u(3) is divided by 10?
8
What is the remainder when -3 - 0 - -50 - 3 is divided by 9?
8
Let h(w) = -w**3 + 8*w**2 - 5*w + 4. Calculate the remainder when 50 is divided by h(7).
14
Suppose 6*v - v - 50 = 0. Let x(d) = 2*d**2 - 2*d - 1. Let c be x(-1). Calculate the remainder when 16 + (c - (2 + -1)) is divided by v.
8
Let n = -7 - -11. Calculate the remainder when n is divided by 2.
0
Let i be -3*((-1)/(-3) - 0). What is the remainder when 2*(150/4)/3 is divided by (i - 2/4)*-6?
7
Let p(f) = f**3 - 3*f**2 + 3*f - 4. Calculate the remainder when 47 is divided by p(4).
23
Suppose -k + 2*w - 47 = -4*k, -4*k + w + 48 = 0. What is the remainder when k is divided by 3?
1
Suppose 16*r = 28*r - 600. Calculate the remainder when r is divided by 27.
23
Suppose -5*n - 9 = -79. Calculate the remainder when 39 is divided by n.
11
What is the remainder when 102 is divided by 18 + 5/(5/3)?
18
Suppose 7 = -d + 18. What is the remainder when 41 is divided by d?
8
Suppose 2 = 2*d - 0, 0 = 5*r + 4*d - 589. Calculate the remainder when r is divided by 24.
21
Calculate the remainder when 22/(-6)*-3 - 0 is divided by (-68)/119 + 25/7.
2
Let s(d) = d**2 - 4*d + 3. Let w be s(3). Suppose -4*t - 5 + 21 = w. Suppose 2*k - t*k + 5*o = 4, 2*o = 8. Calculate the remainder when k is divided by 3.
2
Calculate the remainder when -9*(-2)/6 - 1 is divided by 2.
0
Suppose -4*t + 188 = 176. Calculate the remainder when 36 is divided by t.
0
Let j(f) = -f**3 - f - 5. Let a = 0 - 0. Let p be j(a). Let l = p - -15. Calculate the remainder when 18 is divided by l.
8
Suppose -f = -3*f + 34. Suppose 0 = -0*l + 3*l - 15. What is the remainder when f is divided by l?
2
Let x be (0 - 2) + 54 + 3. Suppose k = -4*k + x. Calculate the remainder when k is divided by 3.
2
Let q be 875/20 - (-1)/4. Suppose 0 = 2*x - 106 + q. Calculate the remainder when x is divided by 8.
7
Suppose -3*w + 15 + 0 = 0. Suppose -w*s = -36 - 9. Calculate the remainder when s is divided by 5.
4
Let j(i) = 6*i + 69. Let z(t) = -31*t - 2. Calculate the remainder when z(-2) is divided by j(-8).
18
Let q = 81 - 44. Let y = 991 + -983. What is the remainder when q is divided by y?
5
Suppose -5*m + 8 = -2. Suppose 3*g = -m*g + 40. Calculate the remainder when 31 is divided by g.
7
Let i(u) = 2*u**2 + 7*u + 6. Let n = 98 - 79. Calculate the remainder when n is divided by i(-4).
9
Suppose -4*j = -0*j - 12. Suppose -q + 0*q = j, -5*i = 3*q - 1. Suppose i*c - 18 = -c. Calculate the remainder when c is divided by 4.
2
Suppose -4*c = -4*d - 28, -2*c - c = -2*d - 17. Suppose -o + 3*m = -3 - 11, -52 = -c*o - m. Calculate the remainder when 0/1 - 98/(-2) is divided by o.
15
Suppose 33 - 2 = b. Let x be (-4)/(-14) - (-162)/21. Calculate the remainder when b is divided by (-2)/4 + 92/x.
9
Suppose -4*s + 8 + 4 = 0. Calculate the remainder when 10 is divided by ((-8)/s)/((-4)/6).
2
Suppose 0 = -s + 4*s - 105. What is the remainder when s is divided by 19?
16
Let y be 1*(-15)/(-12)*4. Suppose y*g = 198 - 73. Calculate the remainder when 99 is divided by g.
24
Let o(v) = v**2 + 5*v + 1. Let t = 13 + -4. What is the remainder when o(-8) is divided by t?
7
Let x be (-2)/3 - 8/(-12). Suppose x = -2*z + 5 + 1. What is the remainder when 4 is divided by z?
1
Let d(v) = -11 + 0*v**3 + 5*v**3 + 10*v**2 - 8*v + 2*v**3 - 8*v**3. Calculate the remainder when d(8) is divided by 18.
17
Let t(y) = 12*y**2. Suppose -4*c = 12, 8*c - 3*c + 9 = 2*j. What is the remainder when t(-1) is divided by 3 - (j + (-1 - 0))?
5
Let u = 4 + -4. Let s = u + 10. What is the remainder when 18 is divided by s?
8
Suppose 3*t = -2*b + 47, -5*b - t + 115 = 4*t. What is the remainder when 63 is divided by b?
19
Let v(r) be the second derivative of r**3/3 - 5*r**2/2 - 7*r. Calculate the remainder when v(4) is divided by 1.
0
Let g = 88 + -69. Let w(u) = -u + 19. What is the remainder when g is divided by w(9)?
9
Suppose 0 = 4*k + 3*v + 39, -5*k - 22 = 5*v + 33. What is the remainder when 36 is divided by (-190)/(-15) - 2/k?
10
Let y = -107 + 159. What is the remainder when 207 is divided by y?
51
Let q(f) = 2*f**2 + 12*f + 6. Suppose -c + 10 = -r + 1, -2*r = -8. Calculate the remainder when q(-8) is divided by c.
12
Suppose -5*p + 137 = 2. Suppose -2*l = -78 - 4. Suppose -p - l = -4*s. What is the remainder when 49 is divided by s?
15
Suppose -3*l - 39 = -3*c, 4*l + 6 = 2*l. Suppose -2*q = -6*q + 448. Suppose -z + 5*z - q = 0. What is the remainder when z is divided by c?
8
Let f(h) = 5*h - 1 + 8*h**2 - h**3 + 2*h - 6 + 2*h. Let s be f(7). Suppose 2*c - s = -5*u, 4*u - 3*c - 71 = -2*c. What is the remainder when 55 is divided by u?
17
Let t(w) = w**2 + 10*w - 14. Let b be t(-10). Let c = b + 21. What is the remainder when 18 is divided by c?
4
Suppose 241 - 37 = 12*q. What is the remainder when 133 is divided by q?
14
Let w be 9/6*(-2)/(-3). What is the remainder when (w - -28)/((-3)/(-6)) is divided by 15?
13
Suppose -8 = k - 39. What is the remainder when 122 is divided by k?
29
Let s(i) = -3*i**2 - 7*i - 6. Let w be s(-4). Suppose 0*a + 18 = 2*a. What is the remainder when (-1 - -1)/(-1) - w is divided by a?
8
What is the remainder when -3 + -1 - 12*-2 is divided by (1 - -1)*(-11)/(-2)?
9
Let d(v) = v**2 - 6*v + 5. Let i be d(5). Suppose i*c + 22 = 2*c. Calculate the remainder when 20 is divided by (c/3)/(4/12).
9
Suppose -4*z - 5*l - 16 = -298, 3*z - l - 202 = 0. Calculate the remainder when z is divided by 35.
33
Let b(n) = n + 12